{"id":6977,"date":"2025-02-06T11:13:56","date_gmt":"2025-02-06T11:13:56","guid":{"rendered":"https:\/\/sou-cakovice.cz\/?page_id=6977"},"modified":"2025-02-06T11:13:56","modified_gmt":"2025-02-06T11:13:56","slug":"ukonceni-cinnosti-domova-mladeze","status":"publish","type":"page","link":"https:\/\/sou-cakovice.cz\/?page_id=6977","title":{"rendered":"Ukon\u010den\u00ed \u010dinnosti domova ml\u00e1de\u017ee"},"content":{"rendered":"\n<p class=\"has-text-align-center\">V\u00e1\u017een\u00ed,<\/p>\n\n\n\n<p class=\"has-text-align-center\">sd\u011bluji V\u00e1m, \u017ee z d\u016fvodu nutnosti nav\u00fd\u0161en\u00ed kapacity \u017e\u00e1k\u016f na\u0161\u00ed \u0161koly, ukon\u010d\u00ed domov ml\u00e1de\u017ee svou \u010dinnost k 30. 6. 2025.<\/p>\n\n\n\n<p class=\"has-text-align-center\">N\u00e1sledn\u011b dojde k p\u0159estavb\u011b st\u00e1vaj\u00edc\u00edch pokoj\u016f na t\u0159\u00eddy. T\u00edm se nav\u00fd\u0161\u00ed po\u010det \u017e\u00e1k\u016f o 3 t\u0159\u00eddy, to je cca o 90 \u017e\u00e1k\u016f. <\/p>\n\n\n\n<p class=\"has-text-align-center\">Pro ubytovan\u00e9 \u017e\u00e1ky (27 \u017e\u00e1k\u016f &#8211; budouc\u00edch 2. a\u017e 4. ro\u010dn\u00edk\u016f), jsou zaji\u0161t\u011bna m\u00edsta na DM &#8211; S\u0160 podnik\u00e1n\u00ed a gastronomie, Za \u010dern\u00fdm mostem, Praha 9. V p\u0159\u00edpad\u011b Va\u0161eho z\u00e1jmu vypl\u0148te p\u0159ihl\u00e1\u0161ku, kterou V\u00e1m zas\u00edl\u00e1m v p\u0159\u00edloze t\u00e9to zpr\u00e1vy a odevzdejte ji co nejd\u0159\u00edve na sekretari\u00e1tu na\u0161\u00ed \u0161koly.<\/p>\n\n\n\n<p class=\"has-text-align-center\">D\u011bkuji za pochopen\u00ed a spolupr\u00e1ci.<\/p>\n\n\n\n<p class=\"has-text-align-center\">S pozdravem<\/p>\n\n\n\n<p class=\"has-text-align-center\">Mgr. V\u011bra Nov\u00e1kov\u00e1 &#8211; \u0159editelka \u0161koly<\/p>\n\n\n\n<p><\/p>\n","protected":false},"excerpt":{"rendered":"<p>V\u00e1\u017een\u00ed, sd\u011bluji V\u00e1m, \u017ee z d\u016fvodu nutnosti nav\u00fd\u0161en\u00ed kapacity \u017e\u00e1k\u016f na\u0161\u00ed \u0161koly, ukon\u010d\u00ed domov ml\u00e1de\u017ee svou \u010dinnost k 30. 6. 2025. N\u00e1sledn\u011b dojde k p\u0159estavb\u011b st\u00e1vaj\u00edc\u00edch pokoj\u016f na t\u0159\u00eddy. T\u00edm se nav\u00fd\u0161\u00ed po\u010det \u017e\u00e1k\u016f o 3 t\u0159\u00eddy, to je cca o 90 \u017e\u00e1k\u016f. Pro ubytovan\u00e9 \u017e\u00e1ky (27 \u017e\u00e1k\u016f &#8211; budouc\u00edch 2. a\u017e 4. ro\u010dn\u00edk\u016f), jsou [&hellip;]<\/p>\n","protected":false},"author":2,"featured_media":0,"parent":0,"menu_order":0,"comment_status":"closed","ping_status":"closed","template":"","meta":{"_mc_calendar":[],"footnotes":""},"class_list":["post-6977","page","type-page","status-publish","hentry"],"acf":[],"_links":{"self":[{"href":"https:\/\/sou-cakovice.cz\/index.php?rest_route=\/wp\/v2\/pages\/6977","targetHints":{"allow":["GET"]}}],"collection":[{"href":"https:\/\/sou-cakovice.cz\/index.php?rest_route=\/wp\/v2\/pages"}],"about":[{"href":"https:\/\/sou-cakovice.cz\/index.php?rest_route=\/wp\/v2\/types\/page"}],"author":[{"embeddable":true,"href":"https:\/\/sou-cakovice.cz\/index.php?rest_route=\/wp\/v2\/users\/2"}],"replies":[{"embeddable":true,"href":"https:\/\/sou-cakovice.cz\/index.php?rest_route=%2Fwp%2Fv2%2Fcomments&post=6977"}],"version-history":[{"count":1,"href":"https:\/\/sou-cakovice.cz\/index.php?rest_route=\/wp\/v2\/pages\/6977\/revisions"}],"predecessor-version":[{"id":6978,"href":"https:\/\/sou-cakovice.cz\/index.php?rest_route=\/wp\/v2\/pages\/6977\/revisions\/6978"}],"wp:attachment":[{"href":"https:\/\/sou-cakovice.cz\/index.php?rest_route=%2Fwp%2Fv2%2Fmedia&parent=6977"}],"curies":[{"name":"wp","href":"https:\/\/api.w.org\/{rel}","templated":true}]}}