{"id":6759,"date":"2024-06-27T07:19:55","date_gmt":"2024-06-27T07:19:55","guid":{"rendered":"https:\/\/sou-cakovice.cz\/?page_id=6759"},"modified":"2024-08-29T08:23:31","modified_gmt":"2024-08-29T08:23:31","slug":"informace-pro-prijate-uchazece","status":"publish","type":"page","link":"https:\/\/sou-cakovice.cz\/?page_id=6759","title":{"rendered":"Informace pro \u017e\u00e1ky"},"content":{"rendered":"\n<p><\/p>\n\n\n\n<p class=\"has-text-align-center\"><mark style=\"background-color:rgba(0, 0, 0, 0)\" class=\"has-inline-color has-vivid-red-color\"><strong>Upozorn\u011bn\u00ed pro rodi\u010de a \u017e\u00e1ky 1. ro\u010dn\u00edk\u016f.<\/strong><\/mark><\/p>\n\n\n\n<p class=\"has-text-align-center\">Zah\u00e1jen\u00ed \u0161koln\u00edho roku pro \u017e\u00e1ky 1. ro\u010dn\u00edk\u016f, kter\u00e9 prob\u011bhne od 9:00 hodin 2. 9. 2024 je ur\u010deno z kapacitn\u00edch d\u016fvod\u016f<strong> pouze pro \u017e\u00e1ky<\/strong>. Pros\u00edme t\u00edmto rodi\u010de \u017e\u00e1k\u016f, aby toto opat\u0159en\u00ed respektovali. Z\u00e1kladn\u00ed informace o studiu na na\u0161\u00ed \u0161kole p\u0159edala rodi\u010d\u016fm pan\u00ed \u0159editelka ji\u017e na informa\u010dn\u00ed sch\u016fzce v \u010dervnu 2024.<\/p>\n\n\n\n<p class=\"has-text-align-center\">D\u011bkujeme za pochopen\u00ed.<\/p>\n\n\n\n<p>______________________________________________________________________________________________________________________________________________________________________________<\/p>\n\n\n<div class=\"wp-block-image\">\n<figure class=\"aligncenter size-large is-resized\"><img loading=\"lazy\" decoding=\"async\" width=\"1024\" height=\"1024\" src=\"\/wp-content\/uploads\/Tak-uz-se-to-blizi-1024x1024.jpg\" alt=\"\" class=\"wp-image-6787\" style=\"width:568px;height:auto\" srcset=\"\/wp-content\/uploads\/Tak-uz-se-to-blizi-1024x1024.jpg 1024w, \/wp-content\/uploads\/Tak-uz-se-to-blizi-300x300.jpg 300w, \/wp-content\/uploads\/Tak-uz-se-to-blizi-150x150.jpg 150w, \/wp-content\/uploads\/Tak-uz-se-to-blizi-768x768.jpg 768w, \/wp-content\/uploads\/Tak-uz-se-to-blizi-1536x1536.jpg 1536w, \/wp-content\/uploads\/Tak-uz-se-to-blizi-2048x2048.jpg 2048w\" sizes=\"auto, (max-width: 1024px) 100vw, 1024px\" \/><\/figure>\n<\/div>\n\n\n<p>______________________________________________________________________________________________________________________________________________________________________________<\/p>\n\n\n\n<p class=\"has-text-align-center\"><strong><mark style=\"background-color:rgba(0, 0, 0, 0)\" class=\"has-inline-color has-vivid-red-color\">V\u00e1\u017een\u00ed rodi\u010de a \u017e\u00e1ci prvn\u00edch ro\u010dn\u00edk\u016f ve \u0161koln\u00edm roce 2024\/2025,<\/mark><\/strong><\/p>\n\n\n\n<p class=\"has-text-align-center\"><strong><mark style=\"background-color:rgba(0, 0, 0, 0)\" class=\"has-inline-color has-vivid-red-color\">vzhledem k tom, \u017ee se n\u00e1m poda\u0159ilo zajistit financov\u00e1n\u00ed adapta\u010dn\u00edho kurzu v pln\u00e9 v\u00fd\u0161i z Opera\u010dn\u00edho programu Jan Amos Komensk\u00fd, nepla\u0165te tento kurz &#8211; je pro v\u0161echny zdarma. V p\u0159\u00edpad\u011b, \u017ee jste kurz ji\u017e zaplatili, bude V\u00e1m cel\u00e1 \u010d\u00e1stka vr\u00e1cena na za\u010d\u00e1tku \u0161koln\u00edho roku.<\/mark><\/strong><\/p>\n\n\n\n<p>______________________________________________________________________________________________________________________________________________________________________________<\/p>\n\n\n\n<p><\/p>\n\n\n\n<p class=\"has-text-align-center\"><strong>Seznam doporu\u010den\u00fdch v\u011bc\u00ed na adapta\u010dn\u00ed kurz (informace pro \u017e\u00e1ky 1. ro\u010dn\u00edk\u016f): <\/strong><\/p>\n\n\n\n<ul class=\"wp-block-list\">\n<li>turistick\u00e1 obuv \u2013 ide\u00e1ln\u011b nepromokav\u00e1<\/li>\n\n\n\n<li>sportovn\u00ed obuv<\/li>\n\n\n\n<li>norm\u00e1ln\u00ed pono\u017eky<\/li>\n\n\n\n<li>teplej\u0161\u00ed pono\u017eky<\/li>\n\n\n\n<li>tepl\u00e1ky, sportovn\u00ed oble\u010den\u00ed<\/li>\n\n\n\n<li>spodn\u00ed pr\u00e1dlo<\/li>\n\n\n\n<li>tri\u010dka<\/li>\n\n\n\n<li>mikina<\/li>\n\n\n\n<li>\u0161us\u0165\u00e1kov\u00e1 bunda<\/li>\n\n\n\n<li>pl\u00e1\u0161t\u011bnka, de\u0161tn\u00edk<\/li>\n\n\n\n<li>k\u0161iltovka, pokr\u00fdvka hlavy<\/li>\n\n\n\n<li>py\u017eamo<\/li>\n\n\n\n<li>bat\u016f\u017eek na v\u00fdlety<\/li>\n\n\n\n<li>plastov\u00e1 l\u00e1hev na pit\u00ed<\/li>\n\n\n\n<li>hygienick\u00e9 pot\u0159eby<\/li>\n\n\n\n<li>ru\u010dn\u00edk<\/li>\n\n\n\n<li>baterka<\/li>\n\n\n\n<li>blok + psac\u00ed pot\u0159eby<\/li>\n\n\n\n<li>u\u017e\u00edv\u00e1te-li l\u00e9ky, vezm\u011bte s&nbsp;sebou se seznamem, d\u00e1vkov\u00e1n\u00edm a podpisem z\u00e1konn\u00e9ho z\u00e1stupce<\/li>\n\n\n\n<li>nabit\u00e1 powerbanka<\/li>\n\n\n\n<li>spac\u00e1k, ale nen\u00ed pot\u0159eba, jsou zde pe\u0159iny i povle\u010den\u00ed<\/li>\n\n\n\n<li>kapesn\u00e9, nen\u00ed mo\u017en\u00e9 v&nbsp;rekrea\u010dn\u00edm za\u0159\u00edzen\u00ed platit kartou<\/li>\n\n\n\n<li>odevzdat 3. 9. 2024 p\u0159i odjezdu podepsanou bezinfek\u010dnost<\/li>\n<\/ul>\n","protected":false},"excerpt":{"rendered":"<p>Upozorn\u011bn\u00ed pro rodi\u010de a \u017e\u00e1ky 1. ro\u010dn\u00edk\u016f. Zah\u00e1jen\u00ed \u0161koln\u00edho roku pro \u017e\u00e1ky 1. ro\u010dn\u00edk\u016f, kter\u00e9 prob\u011bhne od 9:00 hodin 2. 9. 2024 je ur\u010deno z kapacitn\u00edch d\u016fvod\u016f pouze pro \u017e\u00e1ky. Pros\u00edme t\u00edmto rodi\u010de \u017e\u00e1k\u016f, aby toto opat\u0159en\u00ed respektovali. Z\u00e1kladn\u00ed informace o studiu na na\u0161\u00ed \u0161kole p\u0159edala rodi\u010d\u016fm pan\u00ed \u0159editelka ji\u017e na informa\u010dn\u00ed sch\u016fzce v \u010dervnu [&hellip;]<\/p>\n","protected":false},"author":2,"featured_media":0,"parent":0,"menu_order":0,"comment_status":"closed","ping_status":"closed","template":"","meta":{"_mc_calendar":[],"footnotes":""},"class_list":["post-6759","page","type-page","status-publish","hentry"],"acf":[],"_links":{"self":[{"href":"https:\/\/sou-cakovice.cz\/index.php?rest_route=\/wp\/v2\/pages\/6759","targetHints":{"allow":["GET"]}}],"collection":[{"href":"https:\/\/sou-cakovice.cz\/index.php?rest_route=\/wp\/v2\/pages"}],"about":[{"href":"https:\/\/sou-cakovice.cz\/index.php?rest_route=\/wp\/v2\/types\/page"}],"author":[{"embeddable":true,"href":"https:\/\/sou-cakovice.cz\/index.php?rest_route=\/wp\/v2\/users\/2"}],"replies":[{"embeddable":true,"href":"https:\/\/sou-cakovice.cz\/index.php?rest_route=%2Fwp%2Fv2%2Fcomments&post=6759"}],"version-history":[{"count":10,"href":"https:\/\/sou-cakovice.cz\/index.php?rest_route=\/wp\/v2\/pages\/6759\/revisions"}],"predecessor-version":[{"id":6799,"href":"https:\/\/sou-cakovice.cz\/index.php?rest_route=\/wp\/v2\/pages\/6759\/revisions\/6799"}],"wp:attachment":[{"href":"https:\/\/sou-cakovice.cz\/index.php?rest_route=%2Fwp%2Fv2%2Fmedia&parent=6759"}],"curies":[{"name":"wp","href":"https:\/\/api.w.org\/{rel}","templated":true}]}}

Informace pro žáky

<p></p>



<p class="has-text-align-center"><mark style="background-color:rgba(0, 0, 0, 0)" class="has-inline-color has-vivid-red-color"><strong>Upozornění pro rodiče a žáky 1. ročníků.</strong></mark></p>



<p class="has-text-align-center">Zahájení školního roku pro žáky 1. ročníků, které proběhne od 9:00 hodin 2. 9. 2024 je určeno z kapacitních důvodů<strong> pouze pro žáky</strong>. Prosíme tímto rodiče žáků, aby toto opatření respektovali. Základní informace o studiu na naší škole předala rodičům paní ředitelka již na informační schůzce v červnu 2024.</p>



<p class="has-text-align-center">Děkujeme za pochopení.</p>



<p>______________________________________________________________________________________________________________________________________________________________________________</p>


<div class="wp-block-image">
<figure class="aligncenter size-large is-resized"><img loading="lazy" decoding="async" width="1024" height="1024" src="/wp-content/uploads/Tak-uz-se-to-blizi-1024x1024.jpg" alt="" class="wp-image-6787" style="width:568px;height:auto" srcset="/wp-content/uploads/Tak-uz-se-to-blizi-1024x1024.jpg 1024w, /wp-content/uploads/Tak-uz-se-to-blizi-300x300.jpg 300w, /wp-content/uploads/Tak-uz-se-to-blizi-150x150.jpg 150w, /wp-content/uploads/Tak-uz-se-to-blizi-768x768.jpg 768w, /wp-content/uploads/Tak-uz-se-to-blizi-1536x1536.jpg 1536w, /wp-content/uploads/Tak-uz-se-to-blizi-2048x2048.jpg 2048w" sizes="auto, (max-width: 1024px) 100vw, 1024px" /></figure>
</div>


<p>______________________________________________________________________________________________________________________________________________________________________________</p>



<p class="has-text-align-center"><strong><mark style="background-color:rgba(0, 0, 0, 0)" class="has-inline-color has-vivid-red-color">Vážení rodiče a žáci prvních ročníků ve školním roce 2024/2025,</mark></strong></p>



<p class="has-text-align-center"><strong><mark style="background-color:rgba(0, 0, 0, 0)" class="has-inline-color has-vivid-red-color">vzhledem k tom, že se nám podařilo zajistit financování adaptačního kurzu v plné výši z Operačního programu Jan Amos Komenský, neplaťte tento kurz &#8211; je pro všechny zdarma. V případě, že jste kurz již zaplatili, bude Vám celá částka vrácena na začátku školního roku.</mark></strong></p>



<p>______________________________________________________________________________________________________________________________________________________________________________</p>



<p></p>



<p class="has-text-align-center"><strong>Seznam doporučených věcí na adaptační kurz (informace pro žáky 1. ročníků): </strong></p>



<ul class="wp-block-list">
<li>turistická obuv – ideálně nepromokavá</li>



<li>sportovní obuv</li>



<li>normální ponožky</li>



<li>teplejší ponožky</li>



<li>tepláky, sportovní oblečení</li>



<li>spodní prádlo</li>



<li>trička</li>



<li>mikina</li>



<li>šusťáková bunda</li>



<li>pláštěnka, deštník</li>



<li>kšiltovka, pokrývka hlavy</li>



<li>pyžamo</li>



<li>batůžek na výlety</li>



<li>plastová láhev na pití</li>



<li>hygienické potřeby</li>



<li>ručník</li>



<li>baterka</li>



<li>blok + psací potřeby</li>



<li>užíváte-li léky, vezměte s&nbsp;sebou se seznamem, dávkováním a podpisem zákonného zástupce</li>



<li>nabitá powerbanka</li>



<li>spacák, ale není potřeba, jsou zde peřiny i povlečení</li>



<li>kapesné, není možné v&nbsp;rekreačním zařízení platit kartou</li>



<li>odevzdat 3. 9. 2024 při odjezdu podepsanou bezinfekčnost</li>
</ul>

<p>Upozornění pro rodiče a žáky 1. ročníků. Zahájení školního roku pro žáky 1. ročníků, které proběhne od 9:00 hodin 2. 9. 2024 je určeno z kapacitních důvodů pouze pro žáky. Prosíme tímto rodiče žáků, aby toto opatření respektovali. Základní informace o studiu na naší škole předala rodičům paní ředitelka již na informační schůzce v červnu [&hellip;]</p>
