{"id":6331,"date":"2023-08-22T12:51:38","date_gmt":"2023-08-22T12:51:38","guid":{"rendered":"https:\/\/sou-cakovice.cz\/?page_id=6331"},"modified":"2023-08-22T12:51:38","modified_gmt":"2023-08-22T12:51:38","slug":"whistleblowing","status":"publish","type":"page","link":"https:\/\/sou-cakovice.cz\/?page_id=6331","title":{"rendered":"Whistleblowing"},"content":{"rendered":"\n<p><strong>Etick\u00e1 linka \u2013 whistleblowing<\/strong><\/p>\n\n\n\n<p class=\"has-text-align-center\"><a><\/a><a><strong>St\u0159edn\u00ed odborn\u00e1 \u0161kola a St\u0159edn\u00ed odborn\u00e9 u\u010dili\u0161t\u011b, Praha \u2013 \u010cakovice<\/strong><\/a><strong> <\/strong>v&nbsp;souladu se Sm\u011brnic\u00ed Evropsk\u00e9ho parlamentu a&nbsp;Rady (EU) 2019\/1937 ze dne 23. \u0159\u00edjna 2019 o ochran\u011b osob, kter\u00e9 oznamuj\u00ed poru\u0161en\u00ed pr\u00e1va Unie a v&nbsp;souladu se z\u00e1konem \u010d. 171\/2023 Sb., o&nbsp;ochran\u011b oznamovatel\u016f, umo\u017e\u0148uje oznamovatel\u016fm podat ozn\u00e1men\u00ed o sv\u00e9m d\u016fvodn\u00e9m podez\u0159en\u00ed na jedn\u00e1n\u00ed (v\u010detn\u011b protipr\u00e1vn\u00edch skutk\u016f \u010di neetick\u00e9ho chov\u00e1n\u00ed), kter\u00e9 by mohlo b\u00fdt v&nbsp;rozporu s&nbsp;obecn\u00fdmi pr\u00e1vn\u00edmi p\u0159edpisy \u010di z\u00e1vazn\u00fdmi intern\u00edmi normami na\u0161\u00ed organizace. <strong>St\u0159edn\u00ed odborn\u00e1 \u0161kola a St\u0159edn\u00ed odborn\u00e9 u\u010dili\u0161t\u011b, Praha \u2013 \u010cakovice<\/strong> se zavazuje poskytnout oznamovateli ochranu p\u0159ed negativn\u00edmi d\u016fsledky vyjma p\u0159\u00edpad\u016f, \u017ee pod\u00e1n\u00ed nebylo u\u010din\u011bno v&nbsp;dobr\u00e9 v\u00ed\u0159e, \u010di bylo pou\u017eito v\u011bdom\u011b nepravdiv\u00fdch \u010di zav\u00e1d\u011bj\u00edc\u00edch informac\u00ed nebo do\u0161lo k&nbsp;zapojen\u00ed samotn\u00e9ho oznamovatele do nez\u00e1konn\u00e9ho \u010di&nbsp;neetick\u00e9ho jedn\u00e1n\u00ed.<\/p>\n\n\n\n<p>V\u00fdznam p\u0159ij\u00edm\u00e1n\u00ed a \u0159e\u0161en\u00ed ozn\u00e1men\u00ed spo\u010d\u00edv\u00e1 v zabr\u00e1n\u011bn\u00ed ne\u017e\u00e1douc\u00edmu chov\u00e1n\u00ed, \u0161kod\u00e1m na zdrav\u00ed, \u017eivotn\u00edm prost\u0159ed\u00ed, zpronev\u011b\u0159e ve\u0159ejn\u00fdch financ\u00ed apod., a tak\u00e9 nastaven\u00ed etick\u00e9ho prost\u0159ed\u00ed v&nbsp;organizaci.<\/p>\n\n\n\n<p>Pro pod\u00e1n\u00ed ozn\u00e1men\u00ed lze vyu\u017e\u00edt vnit\u0159n\u00ed oznamovac\u00ed syst\u00e9m organizace nebo vn\u011bj\u0161\u00ed oznamovac\u00ed syst\u00e9m Ministerstva spravedlnosti \u010cR. D\u00e1le lze prov\u00e9st ozn\u00e1men\u00ed zve\u0159ejn\u011bn\u00edm.<\/p>\n\n\n\n<p>Ozn\u00e1men\u00ed pod\u00e1van\u00e9 prost\u0159ednictv\u00edm vnit\u0159n\u00edho oznamovac\u00edho syst\u00e9mu organizace mus\u00ed obsahovat minim\u00e1ln\u011b tyto \u00fadaje:<\/p>\n\n\n\n<ul class=\"wp-block-list\">\n<li>Jm\u00e9no, p\u0159\u00edjmen\u00ed a datum narozen\u00ed oznamovatele (p\u0159\u00edpadn\u011b jin\u00e9 \u00fadaje umo\u017e\u0148uj\u00edc\u00ed identifikaci);<\/li>\n\n\n\n<li>Ur\u010dit\u00fd a srozumiteln\u00fd popis jedn\u00e1n\u00ed, kter\u00e9 je p\u0159edm\u011btem ozn\u00e1men\u00ed, z ozn\u00e1men\u00ed mus\u00ed b\u00fdt z\u0159ejm\u00e9, proti kter\u00e9 osob\u011b sm\u011b\u0159uje a jak\u00e9ho jedn\u00e1n\u00ed se t\u00fdk\u00e1 tak, aby bylo mo\u017en\u00e9 jej \u0159\u00e1dn\u011b pro\u0161et\u0159it;<\/li>\n\n\n\n<li>D\u016fkazy prokazuj\u00edc\u00ed jedn\u00e1n\u00ed popsan\u00e9 v&nbsp;ozn\u00e1men\u00ed.&nbsp;<\/li>\n<\/ul>\n\n\n\n<p><strong>Nelze oznamovat skute\u010dnosti v\u011bdom\u011b nepravdiv\u00e9, takov\u00e9 jedn\u00e1n\u00ed m\u016f\u017ee b\u00fdt sankcionov\u00e1no pokutou ve v\u00fd\u0161i a\u017e 50 tis\u00edc K\u010d.<\/strong><\/p>\n\n\n\n<p>Oznamovatel by m\u011bl&nbsp;<strong>jednat ve ve\u0159ejn\u00e9m z\u00e1jmu a v dobr\u00e9 v\u00ed\u0159e, \u017ee j\u00edm pod\u00e1van\u00e9 ozn\u00e1men\u00ed se op\u00edr\u00e1 o v\u011brohodn\u00e1 fakta a skute\u010dnosti. Och<\/strong>rana p\u0159ed odvetn\u00fdmi opat\u0159en\u00edmi se nevztahuje na osobu, kter\u00e1 u\u010dinila v\u011bdom\u011b nepravdiv\u00e9 ozn\u00e1men\u00ed.<\/p>\n\n\n\n<p>P\u0159edm\u011btem ozn\u00e1men\u00ed m\u016f\u017ee b\u00fdt takov\u00e9 jedn\u00e1n\u00ed, kter\u00e9:<\/p>\n\n\n\n<ol class=\"wp-block-list\" type=\"1\">\n<li>m\u00e1 znaky trestn\u00e9ho \u010dinu,<\/li>\n\n\n\n<li>m\u00e1 znaky p\u0159estupku, za kter\u00fd z\u00e1kon stanov\u00ed sazbu pokuty, jej\u00ed\u017e horn\u00ed hranice je alespo\u0148 100 tis\u00edc K\u010d,<\/li>\n\n\n\n<li>poru\u0161uje z\u00e1kon o ochran\u011b oznamovatel\u016f, nebo<\/li>\n\n\n\n<li>poru\u0161uje jin\u00fd pr\u00e1vn\u00ed p\u0159edpis nebo p\u0159edpis Evropsk\u00e9 unie v&nbsp;oblasti:<\/li>\n\n\n\n<li>finan\u010dn\u00edch slu\u017eeb, povinn\u00e9ho auditu a jin\u00fdch ov\u011b\u0159ovac\u00edch slu\u017eeb, finan\u010dn\u00edch produkt\u016f a finan\u010dn\u00edch trh\u016f,<\/li>\n\n\n\n<li>&nbsp;dan\u011b z p\u0159\u00edjm\u016f pr\u00e1vnick\u00fdch osob,<\/li>\n\n\n\n<li>p\u0159edch\u00e1zen\u00ed legalizaci v\u00fdnos\u016f z trestn\u00e9 \u010dinnosti a financov\u00e1n\u00ed terorismu,<\/li>\n\n\n\n<li>ochrany spot\u0159ebitele,<\/li>\n\n\n\n<li>souladu s po\u017eadavky na v\u00fdrobky v\u010detn\u011b jejich bezpe\u010dnosti,<\/li>\n\n\n\n<li>bezpe\u010dnosti dopravy, p\u0159epravy a provozu na pozemn\u00edch komunikac\u00edch,<\/li>\n\n\n\n<li>ochrany \u017eivotn\u00edho prost\u0159ed\u00ed,<\/li>\n\n\n\n<li>bezpe\u010dnosti potravin a krmiv a ochrany zv\u00ed\u0159at a jejich zdrav\u00ed,&nbsp;<\/li>\n\n\n\n<li>radia\u010dn\u00ed ochrany a jadern\u00e9 bezpe\u010dnosti,<\/li>\n\n\n\n<li>hospod\u00e1\u0159sk\u00e9 sout\u011b\u017ee, ve\u0159ejn\u00fdch dra\u017eeb a zad\u00e1v\u00e1n\u00ed ve\u0159ejn\u00fdch zak\u00e1zek,<\/li>\n\n\n\n<li>ochrany vnit\u0159n\u00edho po\u0159\u00e1dku a bezpe\u010dnosti, \u017eivota a zdrav\u00ed,<\/li>\n\n\n\n<li>ochrany osobn\u00edch \u00fadaj\u016f, soukrom\u00ed a bezpe\u010dnosti s\u00edt\u00ed elektronick\u00fdch komunikac\u00ed a informa\u010dn\u00edch syst\u00e9m\u016f,<\/li>\n\n\n\n<li>ochrany finan\u010dn\u00edch z\u00e1jm\u016f Evropsk\u00e9 unie,<\/li>\n\n\n\n<li>fungov\u00e1n\u00ed vnit\u0159n\u00edho trhu v\u010detn\u011b ochrany hospod\u00e1\u0159sk\u00e9 sout\u011b\u017ee a st\u00e1tn\u00ed podpory podle pr\u00e1va Evropsk\u00e9 unie.<\/li>\n<\/ol>\n\n\n\n<p><strong><u>Ozn\u00e1men\u00ed m\u016f\u017ee prost\u0159ednictv\u00edm vnit\u0159n\u00edho oznamovac\u00edho syst\u00e9mu ozn\u00e1mit v\u00fdhradn\u011b osoba, kter\u00e9 pro organizaci vykon\u00e1v\u00e1 pr\u00e1ci nebo obdobnou \u010dinnost.<\/u><\/strong> Jedn\u00e1 p\u0159edev\u0161\u00edm o:<\/p>\n\n\n\n<p>a) z\u00e1vislou \u010dinnost,<\/p>\n\n\n\n<p>b) slu\u017ebu,<\/p>\n\n\n\n<p>c) samostatnou v\u00fdd\u011ble\u010dnou \u010dinnost,<\/p>\n\n\n\n<p>d) v\u00fdkon pr\u00e1v spojen\u00fdch s \u00fa\u010dast\u00ed v pr\u00e1vnick\u00e9 osob\u011b,<\/p>\n\n\n\n<p>e) v\u00fdkon funkce \u010dlena org\u00e1nu pr\u00e1vnick\u00e9 osoby,<\/p>\n\n\n\n<p>f) pln\u011bn\u00ed \u00fakol\u016f v r\u00e1mci \u010dinnosti pr\u00e1vnick\u00e9 osoby, v jej\u00edm z\u00e1jmu, jej\u00edm jm\u00e9nem nebo na jej\u00ed \u00fa\u010det,<\/p>\n\n\n\n<p>g) spr\u00e1vu sv\u011b\u0159ensk\u00e9ho fondu,<\/p>\n\n\n\n<p>h) dobrovolnickou \u010dinnost,<\/p>\n\n\n\n<p>i) odborn\u00e1 praxi, st\u00e1\u017e,<\/p>\n\n\n\n<p>&nbsp;j) v\u00fdkon pr\u00e1v a povinnost\u00ed vypl\u00fdvaj\u00edc\u00edch ze smlouvy, jej\u00edm\u017e p\u0159edm\u011btem je poskytov\u00e1n\u00ed dod\u00e1vek, slu\u017eeb, stavebn\u00edch prac\u00ed nebo jin\u00e9ho obdobn\u00e9ho pln\u011bn\u00ed,<\/p>\n\n\n\n<p>k) uch\u00e1zen\u00ed se o pr\u00e1ci nebo obdobnou \u010dinnost.<\/p>\n\n\n\n<figure class=\"wp-block-table\"><table><tbody><tr><td colspan=\"2\">&nbsp; <strong>Zp\u016fsob p\u0159ed\u00e1n\u00ed ozn\u00e1men\u00ed<\/strong><strong><\/strong> &nbsp;<\/td><\/tr><tr><td>P\u0159\u00edslu\u0161n\u00e1 osoba: Telefonick\u00e9 spojen\u00ed (\u00fastn\u00ed pod\u00e1n\u00ed):&nbsp; E-mail (p\u00edsemn\u00e9 pod\u00e1n\u00ed):<\/td><td>Mgr. Eva \u0160m\u00eddov\u00e1 <a href=\"mailto:consultant@moore-czech.cz\">consultant@moore-czech.cz<\/a> + 420&nbsp;777&nbsp;291 068<\/td><\/tr><tr><td>Osobn\u011b:<\/td><td>Po telefonick\u00e9 domluv\u011b s&nbsp;p\u0159\u00edslu\u0161nou osobou, nejpozd\u011bji do 14 dn\u016f ode dne, kdy o to oznamovatel po\u017e\u00e1d\u00e1.&nbsp;<\/td><\/tr><tr><td>Listovn\u00ed z\u00e1silkou (p\u00edsemn\u011b) na adresu s\u00eddla organizace: (ob\u00e1lku nutno ozna\u010dit \u201eNEOTEV\u00cdRAT, WHISTLEBLOWING\u201c)<\/td><td><strong>St\u0159edn\u00ed odborn\u00e1 \u0161kola a St\u0159edn\u00ed odborn\u00e9 u\u010dili\u0161t\u011b<\/strong> <strong>Ke Stadionu 623\/9<\/strong> <strong>196 00 Praha 9 \u2013 \u010cakovice<\/strong><\/td><\/tr><\/tbody><\/table><\/figure>\n\n\n\n<p><strong>Povinn\u00fd subjekt v&nbsp;souladu s \u00a7 9 z\u00e1kona o ochran\u011b oznamovatel\u016f vylu\u010duje p\u0159ij\u00edm\u00e1n\u00ed ozn\u00e1men\u00ed od osoby, kter\u00e1 pro povinn\u00fd subjekt nevykon\u00e1v\u00e1 pr\u00e1ci nebo jinou obdobnou \u010dinnost. D\u00e1le nebudou p\u0159ij\u00edm\u00e1na anonymn\u00ed ozn\u00e1men\u00ed.<\/strong><\/p>\n\n\n\n<p><strong>Oznamovatelem<\/strong>&nbsp;je ve smyslu Sm\u011brnice Evropsk\u00e9ho parlamentu a Rady (EU) 2019\/1937 ze dne 23. \u0159\u00edjna 2019 o ochran\u011b osob, kter\u00e9 oznamuj\u00ed poru\u0161en\u00ed pr\u00e1va Unie je fyzick\u00e1 osoba, kter\u00e1 se&nbsp;<strong>v&nbsp;souvislosti s prac\u00ed nebo jinou obdobnou \u010dinnost\u00ed<\/strong>&nbsp;dozv\u011bd\u011bla o protipr\u00e1vn\u00edm jedn\u00e1n\u00ed, kter\u00e9 poru\u0161uje pr\u00e1vn\u00ed p\u0159edpis spadaj\u00edc\u00ed do n\u011bkter\u00e9 z&nbsp;oblast\u00ed vymezen\u00fdch z\u00e1konem o ochran\u011b oznamovatel\u016f.<\/p>\n\n\n\n<p><strong><u>VN\u011aJ\u0160\u00cd OZNAMOVAC\u00cd SYST\u00c9M Ministerstva spravedlnosti \u010cR<\/u><\/strong><\/p>\n\n\n\n<p>Ozn\u00e1men\u00ed lze podat tak\u00e9 p\u0159i vyu\u017eit\u00ed tzv. vn\u011bj\u0161\u00edho oznamovac\u00edho syst\u00e9mu, kter\u00fd spravuje Ministerstvo spravedlnosti \u010cR. Vn\u011bj\u0161\u00ed oznamovac\u00ed syst\u00e9m je p\u0159\u00edstupn\u00fd zde:<\/p>\n\n\n\n<p><a href=\"https:\/\/oznamovatel.justice.cz\/\">https:\/\/oznamovatel.justice.cz\/<\/a><\/p>\n\n\n\n<p>Po kliknut\u00ed na polo\u017eku \u201eoznamovatel\u201c se objev\u00ed dv\u011b volby ur\u010den\u00e9 ve\u0159ejnosti, a to \u201echci podat ozn\u00e1men\u00ed\u201c a \u201einformace pro oznamovatele\u201c.&nbsp;&nbsp;&nbsp;&nbsp;<\/p>\n\n\n\n<p><strong><u>UVE\u0158EJN\u011aN\u00cd OZN\u00c1MEN\u00cd<\/u><\/strong><\/p>\n\n\n\n<p>Oznamovatel m\u016f\u017ee u\u010dinit ozn\u00e1men\u00ed tak\u00e9 jeho uve\u0159ejn\u011bn\u00edm, a to v\u00fdhradn\u011b v&nbsp;p\u0159\u00edpad\u011b, kdy:<\/p>\n\n\n\n<ol class=\"wp-block-list\" type=\"a\">\n<li>podal ozn\u00e1men\u00ed prost\u0159ednictv\u00edm vnit\u0159n\u00edho nebo vn\u011bj\u0161\u00edho oznamovac\u00edho syst\u00e9mu ministerstva a nebyla p\u0159ijata vhodn\u00e1 opat\u0159en\u00ed, p\u0159\u00edpadn\u011b nebyla posouzena d\u016fvodnost ozn\u00e1men\u00ed;<\/li>\n\n\n\n<li>m\u00e1 opr\u00e1vn\u011bn\u00fd d\u016fvod se domn\u00edvat, \u017ee protipr\u00e1vn\u00ed jedn\u00e1n\u00ed uveden\u00e9 v ozn\u00e1men\u00ed m\u016f\u017ee v\u00e9st k bezprost\u0159edn\u00edmu nebo zjevn\u00e9mu ohro\u017een\u00ed vnit\u0159n\u00edho po\u0159\u00e1dku nebo bezpe\u010dnosti, \u017eivota nebo zdrav\u00ed, \u017eivotn\u00edho prost\u0159ed\u00ed nebo jin\u00e9ho ve\u0159ejn\u00e9ho z\u00e1jmu nebo ke vzniku nenapraviteln\u00e9 \u00fajmy;<\/li>\n\n\n\n<li>m\u00e1 opr\u00e1vn\u011bn\u00fd d\u016fvod se domn\u00edvat, \u017ee v p\u0159\u00edpad\u011b pod\u00e1n\u00ed ozn\u00e1men\u00ed ministerstvu existuje vzhledem k okolnostem p\u0159\u00edpadu zv\u00fd\u0161en\u00e9 riziko, \u017ee budou on nebo jin\u00e1 osoba vyjmenovan\u00e1 v&nbsp;z\u00e1kon\u011b vystaveni odvetn\u00fdm opat\u0159en\u00edm.<\/li>\n<\/ol>\n","protected":false},"excerpt":{"rendered":"<p>Etick\u00e1 linka \u2013 whistleblowing St\u0159edn\u00ed odborn\u00e1 \u0161kola a St\u0159edn\u00ed odborn\u00e9 u\u010dili\u0161t\u011b, Praha \u2013 \u010cakovice v&nbsp;souladu se Sm\u011brnic\u00ed Evropsk\u00e9ho parlamentu a&nbsp;Rady (EU) 2019\/1937 ze dne 23. \u0159\u00edjna 2019 o ochran\u011b osob, kter\u00e9 oznamuj\u00ed poru\u0161en\u00ed pr\u00e1va Unie a v&nbsp;souladu se z\u00e1konem \u010d. 171\/2023 Sb., o&nbsp;ochran\u011b oznamovatel\u016f, umo\u017e\u0148uje oznamovatel\u016fm podat ozn\u00e1men\u00ed o sv\u00e9m d\u016fvodn\u00e9m podez\u0159en\u00ed na jedn\u00e1n\u00ed (v\u010detn\u011b [&hellip;]<\/p>\n","protected":false},"author":2,"featured_media":0,"parent":0,"menu_order":0,"comment_status":"closed","ping_status":"closed","template":"","meta":{"_mc_calendar":[],"footnotes":""},"class_list":["post-6331","page","type-page","status-publish","hentry"],"acf":[],"_links":{"self":[{"href":"https:\/\/sou-cakovice.cz\/index.php?rest_route=\/wp\/v2\/pages\/6331","targetHints":{"allow":["GET"]}}],"collection":[{"href":"https:\/\/sou-cakovice.cz\/index.php?rest_route=\/wp\/v2\/pages"}],"about":[{"href":"https:\/\/sou-cakovice.cz\/index.php?rest_route=\/wp\/v2\/types\/page"}],"author":[{"embeddable":true,"href":"https:\/\/sou-cakovice.cz\/index.php?rest_route=\/wp\/v2\/users\/2"}],"replies":[{"embeddable":true,"href":"https:\/\/sou-cakovice.cz\/index.php?rest_route=%2Fwp%2Fv2%2Fcomments&post=6331"}],"version-history":[{"count":1,"href":"https:\/\/sou-cakovice.cz\/index.php?rest_route=\/wp\/v2\/pages\/6331\/revisions"}],"predecessor-version":[{"id":6332,"href":"https:\/\/sou-cakovice.cz\/index.php?rest_route=\/wp\/v2\/pages\/6331\/revisions\/6332"}],"wp:attachment":[{"href":"https:\/\/sou-cakovice.cz\/index.php?rest_route=%2Fwp%2Fv2%2Fmedia&parent=6331"}],"curies":[{"name":"wp","href":"https:\/\/api.w.org\/{rel}","templated":true}]}}