{"id":5357,"date":"2022-02-22T09:18:05","date_gmt":"2022-02-22T09:18:05","guid":{"rendered":"http:\/\/www.sou-cakovice.cz\/?page_id=5357"},"modified":"2025-06-26T10:19:44","modified_gmt":"2025-06-26T10:19:44","slug":"uvod-2","status":"publish","type":"page","link":"https:\/\/sou-cakovice.cz\/?page_id=5357","title":{"rendered":"\u00davod"},"content":{"rendered":"<p><\/p>\n<p data-start=\"140\" data-end=\"335\"><strong data-start=\"140\" data-end=\"210\">St\u0159edn\u00ed odborn\u00e1 \u0161kola a St\u0159edn\u00ed odborn\u00e9 u\u010dili\u0161t\u011b, Praha \u2013 \u010cakovice<\/strong> (obor gastronomie), jej\u00edm\u017e z\u0159izovatelem je <strong data-start=\"254\" data-end=\"276\">Hlavn\u00ed m\u011bsto Praha<\/strong>, pat\u0159\u00ed mezi p\u0159edn\u00ed gastronomicky zam\u011b\u0159en\u00e9 \u0161koly v Praze.<\/p>\n<p data-start=\"337\" data-end=\"520\">Vedle t\u00e9to profilace nab\u00edz\u00ed uchaze\u010d\u016fm tak\u00e9 <strong data-start=\"380\" data-end=\"443\">vzd\u011bl\u00e1v\u00e1n\u00ed v unik\u00e1tn\u00edm oboru \u201eChovatel cizokrajn\u00fdch zv\u00ed\u0159at\u201c<\/strong>, kter\u00fd je ojedin\u011bl\u00fd nejen v r\u00e1mci \u010cesk\u00e9 republiky, ale i cel\u00e9 Evropsk\u00e9 unie.<\/p>\n<p data-start=\"522\" data-end=\"873\">Na rozd\u00edl od jin\u00fdch \u0161kol obdobn\u00e9ho zam\u011b\u0159en\u00ed poskytuje na\u0161e \u0161kola \u017e\u00e1k\u016fm <strong data-start=\"593\" data-end=\"626\">p\u0159\u00edjemn\u00e9, t\u00e9m\u011b\u0159 rodinn\u00e9 klima<\/strong>, kter\u00e9 z\u00e1rove\u0148 podporuje tvo\u0159ivost a motivaci k u\u010den\u00ed. \u017d\u00e1k\u016fm je poskytov\u00e1na individu\u00e1ln\u00ed podpora nejen v r\u00e1mci teoretick\u00e9 a praktick\u00e9 v\u00fduky, ale i p\u0159i <strong data-start=\"778\" data-end=\"806\">nadstavbov\u00fdch aktivit\u00e1ch<\/strong>, jako jsou sout\u011b\u017ee, zahrani\u010dn\u00ed st\u00e1\u017ee, exkurze \u010di sportovn\u00ed akce.<\/p>\n<p data-start=\"875\" data-end=\"1048\">Pro \u017e\u00e1ky s v\u00fdvojov\u00fdmi poruchami u\u010den\u00ed i pro mimo\u0159\u00e1dn\u011b nadan\u00e9 \u017e\u00e1ky jsou p\u0159ipraveny <strong data-start=\"957\" data-end=\"990\">speci\u00e1ln\u00ed vzd\u011bl\u00e1vac\u00ed p\u0159\u00edstupy<\/strong>, kter\u00e9 jim pom\u00e1haj\u00ed maxim\u00e1ln\u011b rozvinout jejich potenci\u00e1l.<\/p>\n<p data-start=\"1050\" data-end=\"1481\">SO\u0160 a SOU disponuje vlastn\u00ed <strong data-start=\"1078\" data-end=\"1109\">\u0161koln\u00ed restaurac\u00ed a kuchyn\u00ed<\/strong>, kde se \u017e\u00e1ci obor\u016f <strong data-start=\"1129\" data-end=\"1146\">kucha\u0159\u2013\u010d\u00ed\u0161n\u00edk<\/strong>, <strong data-start=\"1148\" data-end=\"1163\">gastronomie<\/strong> a <strong data-start=\"1166\" data-end=\"1189\">pr\u00e1ce ve stravov\u00e1n\u00ed<\/strong> aktivn\u011b pod\u00edlej\u00ed na p\u0159\u00edprav\u011b pokrm\u016f a obsluze host\u016f v r\u00e1mci odborn\u00e9ho v\u00fdcviku. Ten d\u00e1le prob\u00edh\u00e1 na <strong data-start=\"1289\" data-end=\"1315\">smluvn\u00edch pracovi\u0161t\u00edch<\/strong>, mezi n\u011b\u017e pat\u0159\u00ed <strong data-start=\"1332\" data-end=\"1370\">p\u0159edn\u00ed pra\u017esk\u00e9 restaurace a hotely<\/strong>.<br data-start=\"1371\" data-end=\"1374\" \/>\u017d\u00e1ci oboru <strong data-start=\"1385\" data-end=\"1417\">chovatel cizokrajn\u00fdch zv\u00ed\u0159at<\/strong> absolvuj\u00ed odborn\u00fd v\u00fdcvik v <strong data-start=\"1445\" data-end=\"1480\">Zoologick\u00e9 zahrad\u011b hl. m. Prahy<\/strong>.<\/p>\n<p data-start=\"1483\" data-end=\"1696\">Sou\u010d\u00e1st\u00ed aktivit \u0161koly jsou tak\u00e9 <strong data-start=\"1516\" data-end=\"1538\">cateringov\u00e9 slu\u017eby<\/strong> a zaji\u0161\u0165ov\u00e1n\u00ed <strong data-start=\"1553\" data-end=\"1576\">slavnostn\u00edch hostin<\/strong> p\u0159i spole\u010densk\u00fdch ud\u00e1lostech, kter\u00e9 se konaj\u00ed ve \u0161koln\u00edm sal\u00f3nku. \u0160kola pravideln\u011b organizuje <strong data-start=\"1671\" data-end=\"1688\">odborn\u00e9 kurzy<\/strong>, nap\u0159.:<\/p>\n<ul data-start=\"1698\" data-end=\"1831\">\n<li data-start=\"1698\" data-end=\"1716\">\n<p data-start=\"1700\" data-end=\"1716\">barmansk\u00fd kurz<\/p>\n<\/li>\n<li data-start=\"1717\" data-end=\"1741\">\n<p data-start=\"1719\" data-end=\"1741\">kurz studen\u00e9 kuchyn\u011b<\/p>\n<\/li>\n<li data-start=\"1742\" data-end=\"1770\">\n<p data-start=\"1744\" data-end=\"1770\">kurz vy\u0159ez\u00e1v\u00e1n\u00ed zeleniny<\/p>\n<\/li>\n<li data-start=\"1771\" data-end=\"1790\">\n<p data-start=\"1773\" data-end=\"1790\">baristick\u00fd kurz<\/p>\n<\/li>\n<li data-start=\"1791\" data-end=\"1831\">\n<p data-start=\"1793\" data-end=\"1831\">kurzy zam\u011b\u0159en\u00e9 na region\u00e1ln\u00ed kuchyn\u011b<\/p>\n<\/li>\n<\/ul>\n<p data-start=\"1833\" data-end=\"1895\">Tyto kurzy vedou <strong data-start=\"1850\" data-end=\"1894\">\u0161pi\u010dkov\u00ed odborn\u00edci z oblasti gastronomie<\/strong>.<\/p>\n<p data-start=\"1897\" data-end=\"2071\">\u0160kola je \u010dlenem <strong data-start=\"1913\" data-end=\"1946\">Asociace kucha\u0159\u016f a cukr\u00e1\u0159\u016f \u010cR<\/strong> a <strong data-start=\"1949\" data-end=\"1984\">Asociace hotel\u016f a restaurac\u00ed \u010cR<\/strong>.<br data-start=\"1985\" data-end=\"1988\" \/>Informace o povinn\u00e9m subjektu jsou zve\u0159ejn\u011bny v souladu s vyhl\u00e1\u0161kou \u010d. 442\/2006 Sb.<\/p>\n<p data-start=\"2073\" data-end=\"2259\">Na\u0161i \u017e\u00e1ci se pravideln\u011b \u00fa\u010dastn\u00ed <strong data-start=\"2105\" data-end=\"2132\">gastronomick\u00fdch sout\u011b\u017e\u00ed<\/strong> v\u010detn\u011b sout\u011b\u017e\u00ed barmansk\u00fdch, kde z\u00edsk\u00e1vaj\u00ed cenn\u00e9 zku\u0161enosti a dovednosti z praxe \u2013 a \u010dasto se umis\u0165uj\u00ed <strong data-start=\"2235\" data-end=\"2258\">na p\u0159edn\u00edch m\u00edstech<\/strong>.<\/p>\n<p data-start=\"2073\" data-end=\"2259\">\u0160kola dlouhodob\u011b spolupracuje s <strong data-start=\"2293\" data-end=\"2360\">Institutem vzd\u011bl\u00e1v\u00e1n\u00ed a poradenstv\u00ed \u010cesk\u00e9 zem\u011bd\u011blsk\u00e9 univerzity<\/strong> a slou\u017e\u00ed jako <strong data-start=\"2375\" data-end=\"2408\">cvi\u010dn\u00e1 \u0161kola pro studenty \u010cZU<\/strong>.<\/p>\n<p data-start=\"2073\" data-end=\"2259\">\n<p style=\"text-align: center;\"><a href=\"https:\/\/www.ivp.czu.cz\/cs\/\" target=\"_blank\" rel=\"noopener\"><img loading=\"lazy\" decoding=\"async\" class=\"aligncenter wp-image-1705 size-full\" src=\"\/wp-content\/uploads\/BAN03.jpg\" alt=\"ban03\" width=\"264\" height=\"57\" \/><\/a><\/p>\n<p data-start=\"98\" data-end=\"248\">\n<p data-start=\"98\" data-end=\"248\"><strong data-start=\"98\" data-end=\"120\">SO\u0160 a SOU \u010cakovice<\/strong> je dr\u017eitelem <strong data-start=\"134\" data-end=\"168\">autorizace k prov\u00e1d\u011bn\u00ed zkou\u0161ek<\/strong> pro z\u00edsk\u00e1n\u00ed <strong data-start=\"181\" data-end=\"207\">profesn\u00edch kvalifikac\u00ed<\/strong> v oblasti <strong data-start=\"218\" data-end=\"247\">gastronomie a hotelnictv\u00ed<\/strong>.<\/p>\n<p data-start=\"250\" data-end=\"288\">Konkr\u00e9tn\u011b se jedn\u00e1 o tyto kvalifikace:<\/p>\n<ul data-start=\"290\" data-end=\"400\">\n<li data-start=\"290\" data-end=\"317\">\n<p data-start=\"292\" data-end=\"317\">p\u0159\u00edprava tepl\u00fdch pokrm\u016f<\/p>\n<\/li>\n<li data-start=\"318\" data-end=\"353\">\n<p data-start=\"320\" data-end=\"353\">p\u0159\u00edprava pokrm\u016f studen\u00e9 kuchyn\u011b<\/p>\n<\/li>\n<li data-start=\"354\" data-end=\"374\">\n<p data-start=\"356\" data-end=\"374\">p\u0159\u00edprava minutek<\/p>\n<\/li>\n<li data-start=\"375\" data-end=\"400\">\n<p data-start=\"377\" data-end=\"400\">slo\u017eit\u00e1 obsluha host\u016f<\/p>\n<\/li>\n<\/ul>\n<p data-start=\"402\" data-end=\"527\">Zkou\u0161ky umo\u017e\u0148uj\u00ed uchaze\u010d\u016fm form\u00e1ln\u011b dolo\u017eit sv\u00e9 odborn\u00e9 dovednosti a z\u00edskat uzn\u00e1van\u00fd certifik\u00e1t, kter\u00fd uplatn\u00ed na trhu pr\u00e1ce.<\/p>\n<p><\/p>","protected":false},"excerpt":{"rendered":"<p>St\u0159edn\u00ed odborn\u00e1 \u0161kola a St\u0159edn\u00ed odborn\u00e9 u\u010dili\u0161t\u011b, Praha \u2013 \u010cakovice (obor gastronomie), jej\u00edm\u017e z\u0159izovatelem je Hlavn\u00ed m\u011bsto Praha, pat\u0159\u00ed mezi p\u0159edn\u00ed gastronomicky zam\u011b\u0159en\u00e9 \u0161koly v Praze. Vedle t\u00e9to profilace nab\u00edz\u00ed uchaze\u010d\u016fm tak\u00e9 vzd\u011bl\u00e1v\u00e1n\u00ed v unik\u00e1tn\u00edm oboru \u201eChovatel cizokrajn\u00fdch zv\u00ed\u0159at\u201c, kter\u00fd je ojedin\u011bl\u00fd nejen v r\u00e1mci \u010cesk\u00e9 republiky, ale i cel\u00e9 Evropsk\u00e9 unie. Na rozd\u00edl od [&hellip;]<\/p>\n","protected":false},"author":2,"featured_media":0,"parent":0,"menu_order":6,"comment_status":"closed","ping_status":"closed","template":"","meta":{"_mc_calendar":[],"footnotes":""},"class_list":["post-5357","page","type-page","status-publish","hentry"],"acf":[],"_links":{"self":[{"href":"https:\/\/sou-cakovice.cz\/index.php?rest_route=\/wp\/v2\/pages\/5357","targetHints":{"allow":["GET"]}}],"collection":[{"href":"https:\/\/sou-cakovice.cz\/index.php?rest_route=\/wp\/v2\/pages"}],"about":[{"href":"https:\/\/sou-cakovice.cz\/index.php?rest_route=\/wp\/v2\/types\/page"}],"author":[{"embeddable":true,"href":"https:\/\/sou-cakovice.cz\/index.php?rest_route=\/wp\/v2\/users\/2"}],"replies":[{"embeddable":true,"href":"https:\/\/sou-cakovice.cz\/index.php?rest_route=%2Fwp%2Fv2%2Fcomments&post=5357"}],"version-history":[{"count":8,"href":"https:\/\/sou-cakovice.cz\/index.php?rest_route=\/wp\/v2\/pages\/5357\/revisions"}],"predecessor-version":[{"id":7106,"href":"https:\/\/sou-cakovice.cz\/index.php?rest_route=\/wp\/v2\/pages\/5357\/revisions\/7106"}],"wp:attachment":[{"href":"https:\/\/sou-cakovice.cz\/index.php?rest_route=%2Fwp%2Fv2%2Fmedia&parent=5357"}],"curies":[{"name":"wp","href":"https:\/\/api.w.org\/{rel}","templated":true}]}}