{"id":4384,"date":"2020-03-02T10:13:20","date_gmt":"2020-03-02T10:13:20","guid":{"rendered":"http:\/\/www.sou-cakovice.cz\/?page_id=4384"},"modified":"2022-09-16T08:38:37","modified_gmt":"2022-09-16T08:38:37","slug":"informace-ke-koronaviru","status":"publish","type":"page","link":"https:\/\/sou-cakovice.cz\/?page_id=4384","title":{"rendered":"Nab\u00eddka odborn\u00fdch kurz\u016f"},"content":{"rendered":"<p><\/p>\n<p style=\"text-align: center;\"><span style=\"color: #800000;\"><strong>BARMANSK\u00dd KURZ\u00a0<\/strong><\/span><\/p>\n<p style=\"text-align: center;\">1. TERM\u00cdN &#8211; 20. 2. &#8211; 24. 2. 2023<\/p>\n<p style=\"text-align: center;\">2. TERM\u00cdN &#8211; \u00a027. 2.\u00a0 &#8211; 3. 3. 2023<\/p>\n<p style=\"text-align: center;\"><a href=\"\/wp-content\/uploads\/BARMANSKY_-KURZ-2023-C_akovice-I.jpg\" target=\"_blank\" rel=\"noopener\"><img loading=\"lazy\" decoding=\"async\" class=\"alignnone wp-image-5782 size-medium\" src=\"\/wp-content\/uploads\/BARMANSKY_-KURZ-2023-C_akovice-I-300x212.jpg\" alt=\"\" width=\"300\" height=\"212\" srcset=\"\/wp-content\/uploads\/BARMANSKY_-KURZ-2023-C_akovice-I-300x212.jpg 300w, \/wp-content\/uploads\/BARMANSKY_-KURZ-2023-C_akovice-I-1024x724.jpg 1024w, \/wp-content\/uploads\/BARMANSKY_-KURZ-2023-C_akovice-I-768x543.jpg 768w, \/wp-content\/uploads\/BARMANSKY_-KURZ-2023-C_akovice-I-1536x1086.jpg 1536w, \/wp-content\/uploads\/BARMANSKY_-KURZ-2023-C_akovice-I.jpg 1683w\" sizes=\"auto, (max-width: 300px) 100vw, 300px\" \/><\/a><\/p>\n<p style=\"text-align: center;\">\n<p style=\"text-align: center;\">\n<p><\/p>","protected":false},"excerpt":{"rendered":"<p>BARMANSK\u00dd KURZ\u00a0 1. TERM\u00cdN &#8211; 20. 2. &#8211; 24. 2. 2023 2. TERM\u00cdN &#8211; \u00a027. 2.\u00a0 &#8211; 3. 3. 2023<\/p>\n","protected":false},"author":2,"featured_media":0,"parent":0,"menu_order":8,"comment_status":"closed","ping_status":"closed","template":"","meta":{"_mc_calendar":[],"footnotes":""},"class_list":["post-4384","page","type-page","status-publish","hentry"],"acf":[],"_links":{"self":[{"href":"https:\/\/sou-cakovice.cz\/index.php?rest_route=\/wp\/v2\/pages\/4384","targetHints":{"allow":["GET"]}}],"collection":[{"href":"https:\/\/sou-cakovice.cz\/index.php?rest_route=\/wp\/v2\/pages"}],"about":[{"href":"https:\/\/sou-cakovice.cz\/index.php?rest_route=\/wp\/v2\/types\/page"}],"author":[{"embeddable":true,"href":"https:\/\/sou-cakovice.cz\/index.php?rest_route=\/wp\/v2\/users\/2"}],"replies":[{"embeddable":true,"href":"https:\/\/sou-cakovice.cz\/index.php?rest_route=%2Fwp%2Fv2%2Fcomments&post=4384"}],"version-history":[{"count":75,"href":"https:\/\/sou-cakovice.cz\/index.php?rest_route=\/wp\/v2\/pages\/4384\/revisions"}],"predecessor-version":[{"id":5784,"href":"https:\/\/sou-cakovice.cz\/index.php?rest_route=\/wp\/v2\/pages\/4384\/revisions\/5784"}],"wp:attachment":[{"href":"https:\/\/sou-cakovice.cz\/index.php?rest_route=%2Fwp%2Fv2%2Fmedia&parent=4384"}],"curies":[{"name":"wp","href":"https:\/\/api.w.org\/{rel}","templated":true}]}}