{"id":3387,"date":"2018-06-27T06:06:58","date_gmt":"2018-06-27T06:06:58","guid":{"rendered":"http:\/\/www.sou-cakovice.cz\/?page_id=3387"},"modified":"2025-10-14T07:24:04","modified_gmt":"2025-10-14T07:24:04","slug":"dny-otevrenych-dveri-ve-skolnim-roce-2018-2019","status":"publish","type":"page","link":"https:\/\/sou-cakovice.cz\/?page_id=3387","title":{"rendered":"Dny otev\u0159en\u00fdch dve\u0159\u00ed ve \u0161koln\u00edm roce 2025\/2026"},"content":{"rendered":"<p style=\"text-align: center;\">5. 11. 2025 (od 12:00 do 19:00 hodin)<\/p>\n<p style=\"text-align: center;\"><strong>3. 12. 2025 &#8211; GASTRODEN (od 10:00 do 19:00 hodin)<\/strong><\/p>\n<p style=\"text-align: center;\">7. 1. 2026 (od 12:00 do 19:00 hodin)<\/p>\n<p style=\"text-align: center;\">4. 2. 2026 (od 12:00 do 19:00 hodin)<\/p>\n<hr \/>\n<p style=\"text-align: center;\">Pro z\u00e1jemce o studium zas\u00edl\u00e1me\u00a0 odkaz na video archiv na\u0161\u00ed \u0161koly:\u00a0<a href=\"http:\/\/studio-plus.tv\/ostatni\/Stredni-odborna-skola-a-SOU-Praha-Cakovice\" target=\"_blank\" rel=\"noopener\">VIDEO ARCHIV<\/a> a d\u00e1le odkaz na\u00a0<a href=\"https:\/\/www.youtube.com\/watch?v=tZ_slikaajI&amp;feature=emb_logo\" target=\"_blank\" rel=\"noopener\">VIDEOKLIP<\/a> o na\u0161\u00ed \u0161kole.<\/p>\n","protected":false},"excerpt":{"rendered":"<p>5. 11. 2025 (od 12:00 do 19:00 hodin) 3. 12. 2025 &#8211; GASTRODEN (od 10:00 do 19:00 hodin) 7. 1. 2026 (od 12:00 do 19:00 hodin) 4. 2. 2026 (od 12:00 do 19:00 hodin) Pro z\u00e1jemce o studium zas\u00edl\u00e1me\u00a0 odkaz na video archiv na\u0161\u00ed \u0161koly:\u00a0VIDEO ARCHIV a d\u00e1le odkaz na\u00a0VIDEOKLIP o na\u0161\u00ed \u0161kole.<\/p>\n","protected":false},"author":2,"featured_media":0,"parent":0,"menu_order":14,"comment_status":"closed","ping_status":"closed","template":"","meta":{"_mc_calendar":[],"footnotes":""},"class_list":["post-3387","page","type-page","status-publish","hentry"],"acf":[],"_links":{"self":[{"href":"https:\/\/sou-cakovice.cz\/index.php?rest_route=\/wp\/v2\/pages\/3387","targetHints":{"allow":["GET"]}}],"collection":[{"href":"https:\/\/sou-cakovice.cz\/index.php?rest_route=\/wp\/v2\/pages"}],"about":[{"href":"https:\/\/sou-cakovice.cz\/index.php?rest_route=\/wp\/v2\/types\/page"}],"author":[{"embeddable":true,"href":"https:\/\/sou-cakovice.cz\/index.php?rest_route=\/wp\/v2\/users\/2"}],"replies":[{"embeddable":true,"href":"https:\/\/sou-cakovice.cz\/index.php?rest_route=%2Fwp%2Fv2%2Fcomments&post=3387"}],"version-history":[{"count":32,"href":"https:\/\/sou-cakovice.cz\/index.php?rest_route=\/wp\/v2\/pages\/3387\/revisions"}],"predecessor-version":[{"id":7203,"href":"https:\/\/sou-cakovice.cz\/index.php?rest_route=\/wp\/v2\/pages\/3387\/revisions\/7203"}],"wp:attachment":[{"href":"https:\/\/sou-cakovice.cz\/index.php?rest_route=%2Fwp%2Fv2%2Fmedia&parent=3387"}],"curies":[{"name":"wp","href":"https:\/\/api.w.org\/{rel}","templated":true}]}}